{"id":33637,"date":"2024-11-08T17:44:15","date_gmt":"2024-11-08T16:44:15","guid":{"rendered":"https:\/\/www.geoparcorigens.cat\/activitat\/dia-internacional-per-la-reduccio-de-risc-de-desastres\/"},"modified":"2025-01-22T08:06:18","modified_gmt":"2025-01-22T07:06:18","slug":"dia-internacional-per-la-reduccio-de-risc-de-desastres","status":"publish","type":"activitat","link":"https:\/\/www.geoparcorigens.cat\/es\/actividad\/dia-internacional-per-la-reduccio-de-risc-de-desastres\/","title":{"rendered":"D\u00eda Internacional por la Reducci\u00f3n de Riesgo de Desastres"},"content":{"rendered":"<p>El prop\u00f3sito del este d\u00eda es aumentar el grado de sensibilizaci\u00f3n sobre el uso del conocimiento y las pr\u00e1cticas tradicionales, ind\u00edgenas y locales.<\/p>\n<p>Todo ello con el fin de complementar el conocimiento cient\u00edfico en la gesti\u00f3n del riesgo de desastres y destacar diversos enfoques para hacer part\u00edcipes a las comunidades locales en la aplicaci\u00f3n del Marco de Sendai para la Reducci\u00f3n del Riesgo de Desastres.<\/p>\n","protected":false},"excerpt":{"rendered":"<p>Se celebra el 13 de octubre y conmemora las acciones que la sociedad, a nivel mundial, realiza para minimizar los da\u00f1os ocasionados por desastres naturales.<\/p>\n","protected":false},"featured_media":30256,"template":"","meta":{"_acf_changed":false,"_kad_blocks_custom_css":"","_kad_blocks_head_custom_js":"","_kad_blocks_body_custom_js":"","_kad_blocks_footer_custom_js":"","_kad_post_transparent":"","_kad_post_title":"","_kad_post_layout":"","_kad_post_sidebar_id":"","_kad_post_content_style":"","_kad_post_vertical_padding":"","_kad_post_feature":"","_kad_post_feature_position":"","_kad_post_header":false,"_kad_post_footer":false,"_kad_post_classname":"","footnotes":""},"categoria-activitat":[364,587],"tag-activitat":[],"class_list":["post-33637","activitat","type-activitat","status-publish","has-post-thumbnail","hentry","categoria-activitat-actividades","categoria-activitat-dias-internacionales-cat"],"acf":[],"taxonomy_info":{"categoria-activitat":[{"value":364,"label":"Actividades"},{"value":587,"label":"D\u00edas internacionales"}]},"featured_image_src_large":["https:\/\/www.geoparcorigens.cat\/wp-content\/uploads\/DIDR_Puigcercos-1024x576.jpg",1024,576,true],"author_info":[],"comment_info":"","_links":{"self":[{"href":"https:\/\/www.geoparcorigens.cat\/es\/wp-json\/wp\/v2\/activitat\/33637","targetHints":{"allow":["GET"]}}],"collection":[{"href":"https:\/\/www.geoparcorigens.cat\/es\/wp-json\/wp\/v2\/activitat"}],"about":[{"href":"https:\/\/www.geoparcorigens.cat\/es\/wp-json\/wp\/v2\/types\/activitat"}],"version-history":[{"count":0,"href":"https:\/\/www.geoparcorigens.cat\/es\/wp-json\/wp\/v2\/activitat\/33637\/revisions"}],"wp:featuredmedia":[{"embeddable":true,"href":"https:\/\/www.geoparcorigens.cat\/es\/wp-json\/wp\/v2\/media\/30256"}],"wp:attachment":[{"href":"https:\/\/www.geoparcorigens.cat\/es\/wp-json\/wp\/v2\/media?parent=33637"}],"wp:term":[{"taxonomy":"categoria-activitat","embeddable":true,"href":"https:\/\/www.geoparcorigens.cat\/es\/wp-json\/wp\/v2\/categoria-activitat?post=33637"},{"taxonomy":"tag-activitat","embeddable":true,"href":"https:\/\/www.geoparcorigens.cat\/es\/wp-json\/wp\/v2\/tag-activitat?post=33637"}],"curies":[{"name":"wp","href":"https:\/\/api.w.org\/{rel}","templated":true}]}}

Día Internacional por la Reducción de Riesgo de Desastres

<p>El propósito del este día es aumentar el grado de sensibilización sobre el uso del conocimiento y las prácticas tradicionales, indígenas y locales.</p>
<p>Todo ello con el fin de complementar el conocimiento científico en la gestión del riesgo de desastres y destacar diversos enfoques para hacer partícipes a las comunidades locales en la aplicación del Marco de Sendai para la Reducción del Riesgo de Desastres.</p>

<p>Se celebra el 13 de octubre y conmemora las acciones que la sociedad, a nivel mundial, realiza para minimizar los daños ocasionados por desastres naturales.</p>

Días internacionales
