{"id":33661,"date":"2024-11-08T17:44:14","date_gmt":"2024-11-08T16:44:14","guid":{"rendered":"https:\/\/www.geoparcorigens.cat\/activitat\/descobreix-la-vall-dager\/"},"modified":"2025-01-22T07:48:52","modified_gmt":"2025-01-22T06:48:52","slug":"descobreix-la-vall-dager","status":"publish","type":"activitat","link":"https:\/\/www.geoparcorigens.cat\/es\/actividad\/descobreix-la-vall-dager\/","title":{"rendered":"Descubre el Valle de \u00c0ger"},"content":{"rendered":"<p><em>Casa Caminer<\/em> es un alojamiento rural independiente, situado en el pueblo de Agull\u00f3, donde se pueden alojar de 2 a 14 personas.<\/p>\n<p>Aprovecha tu estancia para realizar itinerarios culturales y conocer las ermitas rom\u00e1nicas, \u00e1rboles singulares y el patrimonio natural de la zona.<\/p>\n<p>Se realizan visitas guiadas a la Colegiata de Sant Pere y rutas tem\u00e1ticas sobre la historia local.<\/p>\n","protected":false},"excerpt":{"rendered":"<p>Visitas guiadas a la Colegiata de Sant Pere y rutas tem\u00e1ticas sobre la historia local. Aprovecha los itinerarios culturales para conocer las ermitas rom\u00e1nicas, los \u00e1rboles singulares y el patrimonio de la zona.<\/p>\n","protected":false},"featured_media":30230,"template":"","meta":{"_acf_changed":false,"_kad_blocks_custom_css":"","_kad_blocks_head_custom_js":"","_kad_blocks_body_custom_js":"","_kad_blocks_footer_custom_js":"","_kad_post_transparent":"","_kad_post_title":"","_kad_post_layout":"","_kad_post_sidebar_id":"","_kad_post_content_style":"","_kad_post_vertical_padding":"","_kad_post_feature":"","_kad_post_feature_position":"","_kad_post_header":false,"_kad_post_footer":false,"_kad_post_classname":"","footnotes":""},"categoria-activitat":[364,373],"tag-activitat":[],"class_list":["post-33661","activitat","type-activitat","status-publish","has-post-thumbnail","hentry","categoria-activitat-actividades","categoria-activitat-historia-legado-humano"],"acf":[],"taxonomy_info":{"categoria-activitat":[{"value":364,"label":"Actividades"},{"value":373,"label":"Historia y legado humano"}]},"featured_image_src_large":["https:\/\/www.geoparcorigens.cat\/wp-content\/uploads\/AgerColegiata_Xavi-Badia-1024x683.jpg",1024,683,true],"author_info":[],"comment_info":"","_links":{"self":[{"href":"https:\/\/www.geoparcorigens.cat\/es\/wp-json\/wp\/v2\/activitat\/33661","targetHints":{"allow":["GET"]}}],"collection":[{"href":"https:\/\/www.geoparcorigens.cat\/es\/wp-json\/wp\/v2\/activitat"}],"about":[{"href":"https:\/\/www.geoparcorigens.cat\/es\/wp-json\/wp\/v2\/types\/activitat"}],"version-history":[{"count":0,"href":"https:\/\/www.geoparcorigens.cat\/es\/wp-json\/wp\/v2\/activitat\/33661\/revisions"}],"wp:featuredmedia":[{"embeddable":true,"href":"https:\/\/www.geoparcorigens.cat\/es\/wp-json\/wp\/v2\/media\/30230"}],"wp:attachment":[{"href":"https:\/\/www.geoparcorigens.cat\/es\/wp-json\/wp\/v2\/media?parent=33661"}],"wp:term":[{"taxonomy":"categoria-activitat","embeddable":true,"href":"https:\/\/www.geoparcorigens.cat\/es\/wp-json\/wp\/v2\/categoria-activitat?post=33661"},{"taxonomy":"tag-activitat","embeddable":true,"href":"https:\/\/www.geoparcorigens.cat\/es\/wp-json\/wp\/v2\/tag-activitat?post=33661"}],"curies":[{"name":"wp","href":"https:\/\/api.w.org\/{rel}","templated":true}]}}

Descubre el Valle de Àger

<p><em>Casa Caminer</em> es un alojamiento rural independiente, situado en el pueblo de Agulló, donde se pueden alojar de 2 a 14 personas.</p>
<p>Aprovecha tu estancia para realizar itinerarios culturales y conocer las ermitas románicas, árboles singulares y el patrimonio natural de la zona.</p>
<p>Se realizan visitas guiadas a la Colegiata de Sant Pere y rutas temáticas sobre la historia local.</p>

<p>Visitas guiadas a la Colegiata de Sant Pere y rutas temáticas sobre la historia local. Aprovecha los itinerarios culturales para conocer las ermitas románicas, los árboles singulares y el patrimonio de la zona.</p>
