{"id":33996,"date":"2023-09-02T16:25:55","date_gmt":"2023-09-02T14:25:55","guid":{"rendered":"https:\/\/www.geoparcorigens.cat\/entitat\/fundacio-arnau-mir-de-tost\/"},"modified":"2025-01-22T10:18:35","modified_gmt":"2025-01-22T09:18:35","slug":"fundacio-arnau-mir-de-tost","status":"publish","type":"entitat","link":"https:\/\/www.geoparcorigens.cat\/es\/entidad\/fundacio-arnau-mir-de-tost\/","title":{"rendered":"Fundaci\u00f3 Arnau Mir de Tost"},"content":{"rendered":"<p>La Fundaci\u00f3n Arnau Mir de Tost vela por el patrimonio de la Vall d\u2019\u00c0ger y promueve, apoya y colabora en cualquier actividad, proyecto, evento o acto relacionado con \u00e9l. Dentro de sus \u00e1reas de actuaci\u00f3n:<\/p>\n<ol>\n<li><strong>Investigaci\u00f3n:<\/strong> Desarrollando proyectos de estudio e investigaci\u00f3n. Entre los \u00faltimos estudios destaca el <a href=\"https:\/\/fundacioarnaumirtost.cat\/projectes\/renoms-vall-dager\/\" target=\"_blank\" rel=\"noopener\">Proyecto de Antroponimia<\/a> de la Vall d\u2019\u00c0ger, que se puede consultar en la secci\u00f3n \u00abProyectos\u00bb de su p\u00e1gina web.<\/li>\n<li><strong>Difusi\u00f3n y divulgaci\u00f3n:<\/strong> La Fundaci\u00f3n tiene la misi\u00f3n de acercar el patrimonio al p\u00fablico en general a trav\u00e9s de la organizaci\u00f3n de Jornadas de estudios hist\u00f3ricos, la presentaci\u00f3n de diversas obras, la creaci\u00f3n de materiales did\u00e1cticos dirigidos a la comunidad educativa, etc. De gran trascendencia son las ya consolidadas Jornadas de Estudios Hist\u00f3ricos.<\/li>\n<li><strong>Conservaci\u00f3n y restauraci\u00f3n:<\/strong> A trav\u00e9s de numerosos proyectos y actividades, como la organizaci\u00f3n y supervisi\u00f3n arqueol\u00f3gica en la Jornada de limpieza del pozo de hielo, en \u00c0ger.<\/li>\n<\/ol>\n","protected":false},"excerpt":{"rendered":"<p>Conservaci\u00f3n y divulgaci\u00f3n del patrimonio natural y cultural<\/p>\n","protected":false},"featured_media":29809,"parent":0,"menu_order":0,"template":"","meta":{"_acf_changed":false,"_kad_blocks_custom_css":"","_kad_blocks_head_custom_js":"","_kad_blocks_body_custom_js":"","_kad_blocks_footer_custom_js":"","_kad_post_transparent":"","_kad_post_title":"","_kad_post_layout":"","_kad_post_sidebar_id":"","_kad_post_content_style":"","_kad_post_vertical_padding":"","_kad_post_feature":"","_kad_post_feature_position":"","_kad_post_header":false,"_kad_post_footer":false,"_kad_post_classname":"","footnotes":""},"class_list":["post-33996","entitat","type-entitat","status-publish","has-post-thumbnail","hentry","tematica-asociaciones-y-otros-es"],"acf":[],"taxonomy_info":{"tematica":[{"value":484,"label":"Asociaciones y otros"}]},"featured_image_src_large":["https:\/\/www.geoparcorigens.cat\/wp-content\/uploads\/61_FundAMTost-1024x1024.jpg",1024,1024,true],"author_info":[],"comment_info":"","_links":{"self":[{"href":"https:\/\/www.geoparcorigens.cat\/es\/wp-json\/wp\/v2\/entitat\/33996","targetHints":{"allow":["GET"]}}],"collection":[{"href":"https:\/\/www.geoparcorigens.cat\/es\/wp-json\/wp\/v2\/entitat"}],"about":[{"href":"https:\/\/www.geoparcorigens.cat\/es\/wp-json\/wp\/v2\/types\/entitat"}],"version-history":[{"count":0,"href":"https:\/\/www.geoparcorigens.cat\/es\/wp-json\/wp\/v2\/entitat\/33996\/revisions"}],"wp:featuredmedia":[{"embeddable":true,"href":"https:\/\/www.geoparcorigens.cat\/es\/wp-json\/wp\/v2\/media\/29809"}],"wp:attachment":[{"href":"https:\/\/www.geoparcorigens.cat\/es\/wp-json\/wp\/v2\/media?parent=33996"}],"curies":[{"name":"wp","href":"https:\/\/api.w.org\/{rel}","templated":true}]}}

Fundació Arnau Mir de Tost

<p>La Fundación Arnau Mir de Tost vela por el patrimonio de la Vall d’Àger y promueve, apoya y colabora en cualquier actividad, proyecto, evento o acto relacionado con él. Dentro de sus áreas de actuación:</p>
<ol>
<li><strong>Investigación:</strong> Desarrollando proyectos de estudio e investigación. Entre los últimos estudios destaca el <a href="https://fundacioarnaumirtost.cat/projectes/renoms-vall-dager/" target="_blank" rel="noopener">Proyecto de Antroponimia</a> de la Vall d’Àger, que se puede consultar en la sección «Proyectos» de su página web.</li>
<li><strong>Difusión y divulgación:</strong> La Fundación tiene la misión de acercar el patrimonio al público en general a través de la organización de Jornadas de estudios históricos, la presentación de diversas obras, la creación de materiales didácticos dirigidos a la comunidad educativa, etc. De gran trascendencia son las ya consolidadas Jornadas de Estudios Históricos.</li>
<li><strong>Conservación y restauración:</strong> A través de numerosos proyectos y actividades, como la organización y supervisión arqueológica en la Jornada de limpieza del pozo de hielo, en Àger.</li>
</ol>

<p>Conservación y divulgación del patrimonio natural y cultural</p>
