{"id":34116,"date":"2023-09-02T16:25:49","date_gmt":"2023-09-02T14:25:49","guid":{"rendered":"https:\/\/www.geoparcorigens.cat\/entitat\/el-vinyer\/"},"modified":"2025-01-22T09:27:51","modified_gmt":"2025-01-22T08:27:51","slug":"el-vinyer","status":"publish","type":"entitat","link":"https:\/\/www.geoparcorigens.cat\/es\/entidad\/el-vinyer\/","title":{"rendered":"El Vinyer"},"content":{"rendered":"<div class=\"flex-shrink-0 flex flex-col relative items-end\">\n<div>\n<div class=\"pt-0\">\n<div class=\"gizmo-bot-avatar flex h-8 w-8 items-center justify-center overflow-hidden rounded-full\">\n<div class=\"relative p-1 rounded-sm flex items-center justify-center bg-token-main-surface-primary text-token-text-primary h-8 w-8\"><\/div>\n<\/div>\n<\/div>\n<\/div>\n<\/div>\n<div class=\"group\/conversation-turn relative flex w-full min-w-0 flex-col agent-turn\">\n<div class=\"flex-col gap-1 md:gap-3\">\n<div class=\"flex max-w-full flex-col flex-grow\">\n<div class=\"min-h-8 text-message flex w-full flex-col items-end gap-2 whitespace-normal break-words text-start [.text-message+&amp;]:mt-5\" dir=\"auto\" data-message-author-role=\"assistant\" data-message-id=\"a782592e-6615-4953-90c7-9930e2d0d20d\" data-message-model-slug=\"gpt-4o-mini\">\n<div class=\"flex w-full flex-col gap-1 empty:hidden first:pt-[3px]\">\n<div class=\"markdown prose w-full break-words dark:prose-invert light\">\n<p>Eva, en\u00f3loga e impulsora de <strong>El Vinyer<\/strong>, inici\u00f3 su propio proyecto gracias a la recuperaci\u00f3n de una finca de tradici\u00f3n vit\u00edcola. En 2014 fue cuando El Vinyer comenz\u00f3 a producir, y en 2015 se embotellaron y comercializaron los primeros vinos dentro de la DO Costers del Segre.<\/p>\n<p>Sus vinos intentan transmitir la cultura y el entorno de los Pallars, nombrando sus vinos con motivos geol\u00f3gicos o de la habla pallaresa. Frescos y arom\u00e1ticos, son un claro reflejo del terreno y el clima de la Conca de Tremp.<\/p>\n<p>Realizan diversas actividades como:<\/p>\n<ul>\n<li><a href=\"https:\/\/www.geoparcorigens.cat\/es\/actividad\/visita-el-vinyer\/\">La <strong>Visita a El Vinyer<\/strong> <\/a><\/li>\n<li><a href=\"https:\/\/www.geoparcorigens.cat\/es\/actividad\/maridatge-pallares\/\">El\u00a0 <strong>Maridaje Pallar\u00e8s<\/strong>.<\/a><\/li>\n<\/ul>\n<\/div>\n<\/div>\n<\/div>\n<\/div>\n<\/div>\n<\/div>\n","protected":false},"excerpt":{"rendered":"<p>Productor de vinos, visitas guiadas<\/p>\n","protected":false},"featured_media":29778,"parent":0,"menu_order":0,"template":"","meta":{"_acf_changed":false,"_kad_blocks_custom_css":"","_kad_blocks_head_custom_js":"","_kad_blocks_body_custom_js":"","_kad_blocks_footer_custom_js":"","_kad_post_transparent":"","_kad_post_title":"","_kad_post_layout":"","_kad_post_sidebar_id":"","_kad_post_content_style":"","_kad_post_vertical_padding":"","_kad_post_feature":"","_kad_post_feature_position":"","_kad_post_header":false,"_kad_post_footer":false,"_kad_post_classname":"","footnotes":""},"class_list":["post-34116","entitat","type-entitat","status-publish","has-post-thumbnail","hentry","tematica-agroalimentarios-es"],"acf":[],"taxonomy_info":{"tematica":[{"value":475,"label":"Agroalimentarios"}]},"featured_image_src_large":["https:\/\/www.geoparcorigens.cat\/wp-content\/uploads\/33_ElVinyer-1024x1024.jpg",1024,1024,true],"author_info":[],"comment_info":"","_links":{"self":[{"href":"https:\/\/www.geoparcorigens.cat\/es\/wp-json\/wp\/v2\/entitat\/34116","targetHints":{"allow":["GET"]}}],"collection":[{"href":"https:\/\/www.geoparcorigens.cat\/es\/wp-json\/wp\/v2\/entitat"}],"about":[{"href":"https:\/\/www.geoparcorigens.cat\/es\/wp-json\/wp\/v2\/types\/entitat"}],"version-history":[{"count":0,"href":"https:\/\/www.geoparcorigens.cat\/es\/wp-json\/wp\/v2\/entitat\/34116\/revisions"}],"wp:featuredmedia":[{"embeddable":true,"href":"https:\/\/www.geoparcorigens.cat\/es\/wp-json\/wp\/v2\/media\/29778"}],"wp:attachment":[{"href":"https:\/\/www.geoparcorigens.cat\/es\/wp-json\/wp\/v2\/media?parent=34116"}],"curies":[{"name":"wp","href":"https:\/\/api.w.org\/{rel}","templated":true}]}}

<div class="flex-shrink-0 flex flex-col relative items-end">
<div>
<div class="pt-0">
<div class="gizmo-bot-avatar flex h-8 w-8 items-center justify-center overflow-hidden rounded-full">
<div class="relative p-1 rounded-sm flex items-center justify-center bg-token-main-surface-primary text-token-text-primary h-8 w-8"></div>
</div>
</div>
</div>
</div>
<div class="group/conversation-turn relative flex w-full min-w-0 flex-col agent-turn">
<div class="flex-col gap-1 md:gap-3">
<div class="flex max-w-full flex-col flex-grow">
<div class="min-h-8 text-message flex w-full flex-col items-end gap-2 whitespace-normal break-words text-start [.text-message+&amp;]:mt-5" dir="auto" data-message-author-role="assistant" data-message-id="a782592e-6615-4953-90c7-9930e2d0d20d" data-message-model-slug="gpt-4o-mini">
<div class="flex w-full flex-col gap-1 empty:hidden first:pt-[3px]">
<div class="markdown prose w-full break-words dark:prose-invert light">
<p>Eva, enóloga e impulsora de <strong>El Vinyer</strong>, inició su propio proyecto gracias a la recuperación de una finca de tradición vitícola. En 2014 fue cuando El Vinyer comenzó a producir, y en 2015 se embotellaron y comercializaron los primeros vinos dentro de la DO Costers del Segre.</p>
<p>Sus vinos intentan transmitir la cultura y el entorno de los Pallars, nombrando sus vinos con motivos geológicos o de la habla pallaresa. Frescos y aromáticos, son un claro reflejo del terreno y el clima de la Conca de Tremp.</p>
<p>Realizan diversas actividades como:</p>
<ul>
<li><a href="https://www.geoparcorigens.cat/es/actividad/visita-el-vinyer/">La <strong>Visita a El Vinyer</strong> </a></li>
<li><a href="https://www.geoparcorigens.cat/es/actividad/maridatge-pallares/">El  <strong>Maridaje Pallarès</strong>.</a></li>
</ul>
</div>
</div>
</div>
</div>
</div>
</div>
