{"id":34120,"date":"2023-09-02T16:25:49","date_gmt":"2023-09-02T14:25:49","guid":{"rendered":"https:\/\/www.geoparcorigens.cat\/entitat\/celler-vila-corona\/"},"modified":"2025-01-22T09:03:45","modified_gmt":"2025-01-22T08:03:45","slug":"celler-vila-corona","status":"publish","type":"entitat","link":"https:\/\/www.geoparcorigens.cat\/es\/entidad\/celler-vila-corona\/","title":{"rendered":"Celler Vila Corona"},"content":{"rendered":"<p>Bodega de car\u00e1cter familiar, ubicada en la misma vi\u00f1a.<\/p>\n<p>Cuenta con 11 hect\u00e1reas de vi\u00f1a donde se cultivan las variedades Riesling y Chardonnay en blancos; y Merlot, Cabernet Sauvignon, Monastrell, Garnacha negra y Ull de llebre en tintos.<\/p>\n<p>Sus vinos est\u00e1n embotellados y etiquetados en la bodega con referencias geol\u00f3gicas, paleontol\u00f3gicas, arqueol\u00f3gicas y con mitos y leyendas del Pallars, y pertenecen a la denominaci\u00f3n de origen Costers del Segre.<\/p>\n<p>Realizan <a href=\"https:\/\/www.geoparcorigens.cat\/es\/actividad\/tast-amb-interpretacio-geologica\/\">visitas<\/a> a la vi\u00f1a, la bodega y catas con interpretaci\u00f3n geol\u00f3gica.<\/p>\n","protected":false},"excerpt":{"rendered":"<p>Productor de vinos, visitas guiadas<\/p>\n","protected":false},"featured_media":29780,"parent":0,"menu_order":0,"template":"","meta":{"_acf_changed":false,"_kad_blocks_custom_css":"","_kad_blocks_head_custom_js":"","_kad_blocks_body_custom_js":"","_kad_blocks_footer_custom_js":"","_kad_post_transparent":"","_kad_post_title":"","_kad_post_layout":"","_kad_post_sidebar_id":"","_kad_post_content_style":"","_kad_post_vertical_padding":"","_kad_post_feature":"","_kad_post_feature_position":"","_kad_post_header":false,"_kad_post_footer":false,"_kad_post_classname":"","footnotes":""},"class_list":["post-34120","entitat","type-entitat","status-publish","has-post-thumbnail","hentry","tematica-agroalimentarios-es"],"acf":[],"taxonomy_info":{"tematica":[{"value":475,"label":"Agroalimentarios"}]},"featured_image_src_large":["https:\/\/www.geoparcorigens.cat\/wp-content\/uploads\/34_VilaCorona-1024x1024.jpg",1024,1024,true],"author_info":[],"comment_info":"","_links":{"self":[{"href":"https:\/\/www.geoparcorigens.cat\/es\/wp-json\/wp\/v2\/entitat\/34120","targetHints":{"allow":["GET"]}}],"collection":[{"href":"https:\/\/www.geoparcorigens.cat\/es\/wp-json\/wp\/v2\/entitat"}],"about":[{"href":"https:\/\/www.geoparcorigens.cat\/es\/wp-json\/wp\/v2\/types\/entitat"}],"version-history":[{"count":0,"href":"https:\/\/www.geoparcorigens.cat\/es\/wp-json\/wp\/v2\/entitat\/34120\/revisions"}],"wp:featuredmedia":[{"embeddable":true,"href":"https:\/\/www.geoparcorigens.cat\/es\/wp-json\/wp\/v2\/media\/29780"}],"wp:attachment":[{"href":"https:\/\/www.geoparcorigens.cat\/es\/wp-json\/wp\/v2\/media?parent=34120"}],"curies":[{"name":"wp","href":"https:\/\/api.w.org\/{rel}","templated":true}]}}

<p>Bodega de carácter familiar, ubicada en la misma viña.</p>
<p>Cuenta con 11 hectáreas de viña donde se cultivan las variedades Riesling y Chardonnay en blancos; y Merlot, Cabernet Sauvignon, Monastrell, Garnacha negra y Ull de llebre en tintos.</p>
<p>Sus vinos están embotellados y etiquetados en la bodega con referencias geológicas, paleontológicas, arqueológicas y con mitos y leyendas del Pallars, y pertenecen a la denominación de origen Costers del Segre.</p>
<p>Realizan <a href="https://www.geoparcorigens.cat/es/actividad/tast-amb-interpretacio-geologica/">visitas</a> a la viña, la bodega y catas con interpretación geológica.</p>
