{"id":34176,"date":"2023-09-02T16:25:48","date_gmt":"2023-09-02T14:25:48","guid":{"rendered":"https:\/\/www.geoparcorigens.cat\/entitat\/casa-batlle-i-casa-mossen-batista\/"},"modified":"2025-01-22T08:40:20","modified_gmt":"2025-01-22T07:40:20","slug":"casa-batlle-i-casa-mossen-batista","status":"publish","type":"entitat","link":"https:\/\/www.geoparcorigens.cat\/es\/entidad\/casa-batlle-i-casa-mossen-batista\/","title":{"rendered":"Casa Batlle y Casa Moss\u00e8n Batista"},"content":{"rendered":"<div class=\"flex-shrink-0 flex flex-col relative items-end\">\n<div>\n<div class=\"pt-0\">\n<div class=\"gizmo-bot-avatar flex h-8 w-8 items-center justify-center overflow-hidden rounded-full\">\n<div class=\"relative p-1 rounded-sm flex items-center justify-center bg-token-main-surface-primary text-token-text-primary h-8 w-8\"><\/div>\n<\/div>\n<\/div>\n<\/div>\n<\/div>\n<div class=\"group\/conversation-turn relative flex w-full min-w-0 flex-col agent-turn\">\n<div class=\"flex-col gap-1 md:gap-3\">\n<div class=\"flex max-w-full flex-col flex-grow\">\n<div class=\"min-h-8 text-message flex w-full flex-col items-end gap-2 whitespace-normal break-words text-start [.text-message+&amp;]:mt-5\" dir=\"auto\" data-message-author-role=\"assistant\" data-message-id=\"16787692-c00f-4ce9-8d75-6a7699f1a55e\" data-message-model-slug=\"gpt-4o-mini\">\n<div class=\"flex w-full flex-col gap-1 empty:hidden first:pt-[3px]\">\n<div class=\"markdown prose w-full break-words dark:prose-invert light\">\n<p>El pueblo de les Esgl\u00e9sies se encuentra en una de las valles m\u00e1s v\u00edrgenes de los Pirineos, rodeado por el r\u00edo B\u00f2ssia y el barranco de Sent\u00eds, al pie de las monta\u00f1as de Llevata.<\/p>\n<p>Casa Batlle es la m\u00e1s antigua del pueblo de les Esgl\u00e9sies y data del siglo XVI. Casa Batlle es el segundo nombre de Casa Moss\u00e8n Batista, que lo recibi\u00f3 debido a que uno de sus antepasados fue el batlle de les Esgl\u00e9sies durante a\u00f1os. Actualmente, al dividirse la casa original para hacer los alojamientos rurales independientes, cada casa lleva su propio nombre.<\/p>\n<p>La casa se encuentra dentro de la ruta de senderismo sostenible el Cinqu\u00e8 Llac.<\/p>\n<\/div>\n<\/div>\n<\/div>\n<\/div>\n<\/div>\n<\/div>\n","protected":false},"excerpt":{"rendered":"<p>Alojamiento rural dentro de la ruta \u00abEl Cinqu\u00e8 Llac\u00bb <\/p>\n","protected":false},"featured_media":29774,"parent":0,"menu_order":0,"template":"","meta":{"_acf_changed":false,"_kad_blocks_custom_css":"","_kad_blocks_head_custom_js":"","_kad_blocks_body_custom_js":"","_kad_blocks_footer_custom_js":"","_kad_post_transparent":"","_kad_post_title":"","_kad_post_layout":"","_kad_post_sidebar_id":"","_kad_post_content_style":"","_kad_post_vertical_padding":"","_kad_post_feature":"","_kad_post_feature_position":"","_kad_post_header":false,"_kad_post_footer":false,"_kad_post_classname":"","footnotes":""},"class_list":["post-34176","entitat","type-entitat","status-publish","has-post-thumbnail","hentry","tematica-alojamientos-es","tematica-el-cinque-llac-es"],"acf":[],"taxonomy_info":{"tematica":[{"value":478,"label":"Alojamientos"},{"value":487,"label":"El Cinqu\u00e8 Llac"}]},"featured_image_src_large":["https:\/\/www.geoparcorigens.cat\/wp-content\/uploads\/28_CasaBatlle-1024x1024.jpg",1024,1024,true],"author_info":[],"comment_info":"","_links":{"self":[{"href":"https:\/\/www.geoparcorigens.cat\/es\/wp-json\/wp\/v2\/entitat\/34176","targetHints":{"allow":["GET"]}}],"collection":[{"href":"https:\/\/www.geoparcorigens.cat\/es\/wp-json\/wp\/v2\/entitat"}],"about":[{"href":"https:\/\/www.geoparcorigens.cat\/es\/wp-json\/wp\/v2\/types\/entitat"}],"version-history":[{"count":0,"href":"https:\/\/www.geoparcorigens.cat\/es\/wp-json\/wp\/v2\/entitat\/34176\/revisions"}],"wp:featuredmedia":[{"embeddable":true,"href":"https:\/\/www.geoparcorigens.cat\/es\/wp-json\/wp\/v2\/media\/29774"}],"wp:attachment":[{"href":"https:\/\/www.geoparcorigens.cat\/es\/wp-json\/wp\/v2\/media?parent=34176"}],"curies":[{"name":"wp","href":"https:\/\/api.w.org\/{rel}","templated":true}]}}

Casa Batlle y Casa Mossèn Batista

<div class="flex-shrink-0 flex flex-col relative items-end">
<div>
<div class="pt-0">
<div class="gizmo-bot-avatar flex h-8 w-8 items-center justify-center overflow-hidden rounded-full">
<div class="relative p-1 rounded-sm flex items-center justify-center bg-token-main-surface-primary text-token-text-primary h-8 w-8"></div>
</div>
</div>
</div>
</div>
<div class="group/conversation-turn relative flex w-full min-w-0 flex-col agent-turn">
<div class="flex-col gap-1 md:gap-3">
<div class="flex max-w-full flex-col flex-grow">
<div class="min-h-8 text-message flex w-full flex-col items-end gap-2 whitespace-normal break-words text-start [.text-message+&amp;]:mt-5" dir="auto" data-message-author-role="assistant" data-message-id="16787692-c00f-4ce9-8d75-6a7699f1a55e" data-message-model-slug="gpt-4o-mini">
<div class="flex w-full flex-col gap-1 empty:hidden first:pt-[3px]">
<div class="markdown prose w-full break-words dark:prose-invert light">
<p>El pueblo de les Esglésies se encuentra en una de las valles más vírgenes de los Pirineos, rodeado por el río Bòssia y el barranco de Sentís, al pie de las montañas de Llevata.</p>
<p>Casa Batlle es la más antigua del pueblo de les Esglésies y data del siglo XVI. Casa Batlle es el segundo nombre de Casa Mossèn Batista, que lo recibió debido a que uno de sus antepasados fue el batlle de les Esglésies durante años. Actualmente, al dividirse la casa original para hacer los alojamientos rurales independientes, cada casa lleva su propio nombre.</p>
<p>La casa se encuentra dentro de la ruta de senderismo sostenible el Cinquè Llac.</p>
</div>
</div>
</div>
</div>
</div>
</div>

<p>Alojamiento rural dentro de la ruta «El Cinquè Llac» </p>

El Cinquè Llac
