{"id":34180,"date":"2023-09-02T16:25:47","date_gmt":"2023-09-02T14:25:47","guid":{"rendered":"https:\/\/www.geoparcorigens.cat\/entitat\/pirineu-emocio\/"},"modified":"2025-01-22T11:09:39","modified_gmt":"2025-01-22T10:09:39","slug":"pirineu-emocio","status":"publish","type":"entitat","link":"https:\/\/www.geoparcorigens.cat\/es\/entidad\/pirineu-emocio\/","title":{"rendered":"Pirineu Emoci\u00f3"},"content":{"rendered":"<div class=\"flex-shrink-0 flex flex-col relative items-end\">\n<div>\n<div class=\"pt-0\">\n<div class=\"gizmo-bot-avatar flex h-8 w-8 items-center justify-center overflow-hidden rounded-full\">\n<div class=\"relative p-1 rounded-sm flex items-center justify-center bg-token-main-surface-primary text-token-text-primary h-8 w-8\"><\/div>\n<\/div>\n<\/div>\n<\/div>\n<\/div>\n<div class=\"group\/conversation-turn relative flex w-full min-w-0 flex-col agent-turn\">\n<div class=\"flex-col gap-1 md:gap-3\">\n<div class=\"flex max-w-full flex-col flex-grow\">\n<div class=\"min-h-8 text-message flex w-full flex-col items-end gap-2 whitespace-normal break-words text-start [.text-message+&amp;]:mt-5\" dir=\"auto\" data-message-author-role=\"assistant\" data-message-id=\"10b0a85a-37a2-47b8-bc7a-e758ffa1cb12\" data-message-model-slug=\"gpt-4o-mini\">\n<div class=\"flex w-full flex-col gap-1 empty:hidden first:pt-[3px]\">\n<div class=\"markdown prose w-full break-words dark:prose-invert light\">\n<p>Pirineu Emoci\u00f3 es una agencia de viajes especializada en organizar estancias, visitas, salidas y escapadas para vivir la cultura, el patrimonio y la gastronom\u00eda de las poblaciones m\u00e1s genuinas y los paisajes m\u00e1s espectaculares de los Pirineos.<\/p>\n<p>Te proponen subir al Tren de los Lagos, visitar museos, hacer senderismo, degustar la cocina aut\u00f3ctona, dormir en alojamientos con encanto, practicar actividades de aventura y participar en las tradicionales fiestas de las fallas o de los raiers.<\/p>\n<p>Desde Pirineu Emoci\u00f3 se destaca Pallars Click, el centro y plataforma de reservas de actividades tur\u00edsticas, entre las que destacan aquellas vinculadas al Geoparc Or\u00edgens.<\/p>\n<\/div>\n<\/div>\n<\/div>\n<\/div>\n<\/div>\n<\/div>\n","protected":false},"excerpt":{"rendered":"<p>Plataforma de reservas tur\u00edsticas online<\/p>\n","protected":false},"featured_media":29762,"parent":0,"menu_order":0,"template":"","meta":{"_acf_changed":false,"_kad_blocks_custom_css":"","_kad_blocks_head_custom_js":"","_kad_blocks_body_custom_js":"","_kad_blocks_footer_custom_js":"","_kad_post_transparent":"","_kad_post_title":"","_kad_post_layout":"","_kad_post_sidebar_id":"","_kad_post_content_style":"","_kad_post_vertical_padding":"","_kad_post_feature":"","_kad_post_feature_position":"","_kad_post_header":false,"_kad_post_footer":false,"_kad_post_classname":"","footnotes":""},"class_list":["post-34180","entitat","type-entitat","status-publish","has-post-thumbnail","hentry","tematica-actividades-turisticas-es","tematica-agencia-de-viajes-es","tematica-el-cinque-llac-es"],"acf":[],"taxonomy_info":{"tematica":[{"value":469,"label":"Actividades tur\u00edsticas"},{"value":472,"label":"Agencia viajes"},{"value":487,"label":"El Cinqu\u00e8 Llac"}]},"featured_image_src_large":["https:\/\/www.geoparcorigens.cat\/wp-content\/uploads\/20_PirineuEmocio-1024x1024.jpg",1024,1024,true],"author_info":[],"comment_info":"","_links":{"self":[{"href":"https:\/\/www.geoparcorigens.cat\/es\/wp-json\/wp\/v2\/entitat\/34180","targetHints":{"allow":["GET"]}}],"collection":[{"href":"https:\/\/www.geoparcorigens.cat\/es\/wp-json\/wp\/v2\/entitat"}],"about":[{"href":"https:\/\/www.geoparcorigens.cat\/es\/wp-json\/wp\/v2\/types\/entitat"}],"version-history":[{"count":0,"href":"https:\/\/www.geoparcorigens.cat\/es\/wp-json\/wp\/v2\/entitat\/34180\/revisions"}],"wp:featuredmedia":[{"embeddable":true,"href":"https:\/\/www.geoparcorigens.cat\/es\/wp-json\/wp\/v2\/media\/29762"}],"wp:attachment":[{"href":"https:\/\/www.geoparcorigens.cat\/es\/wp-json\/wp\/v2\/media?parent=34180"}],"curies":[{"name":"wp","href":"https:\/\/api.w.org\/{rel}","templated":true}]}}

Pirineu Emoció

<div class="flex-shrink-0 flex flex-col relative items-end">
<div>
<div class="pt-0">
<div class="gizmo-bot-avatar flex h-8 w-8 items-center justify-center overflow-hidden rounded-full">
<div class="relative p-1 rounded-sm flex items-center justify-center bg-token-main-surface-primary text-token-text-primary h-8 w-8"></div>
</div>
</div>
</div>
</div>
<div class="group/conversation-turn relative flex w-full min-w-0 flex-col agent-turn">
<div class="flex-col gap-1 md:gap-3">
<div class="flex max-w-full flex-col flex-grow">
<div class="min-h-8 text-message flex w-full flex-col items-end gap-2 whitespace-normal break-words text-start [.text-message+&amp;]:mt-5" dir="auto" data-message-author-role="assistant" data-message-id="10b0a85a-37a2-47b8-bc7a-e758ffa1cb12" data-message-model-slug="gpt-4o-mini">
<div class="flex w-full flex-col gap-1 empty:hidden first:pt-[3px]">
<div class="markdown prose w-full break-words dark:prose-invert light">
<p>Pirineu Emoció es una agencia de viajes especializada en organizar estancias, visitas, salidas y escapadas para vivir la cultura, el patrimonio y la gastronomía de las poblaciones más genuinas y los paisajes más espectaculares de los Pirineos.</p>
<p>Te proponen subir al Tren de los Lagos, visitar museos, hacer senderismo, degustar la cocina autóctona, dormir en alojamientos con encanto, practicar actividades de aventura y participar en las tradicionales fiestas de las fallas o de los raiers.</p>
<p>Desde Pirineu Emoció se destaca Pallars Click, el centro y plataforma de reservas de actividades turísticas, entre las que destacan aquellas vinculadas al Geoparc Orígens.</p>
</div>
</div>
</div>
</div>
</div>
</div>

<p>Plataforma de reservas turísticas online</p>

Actividades turísticas

El Cinquè Llac
