{"id":34342,"date":"2025-01-17T12:04:08","date_gmt":"2025-01-17T11:04:08","guid":{"rendered":"https:\/\/www.geoparcorigens.cat\/georutes\/collegats-viu-i-respira\/"},"modified":"2025-01-21T08:37:57","modified_gmt":"2025-01-21T07:37:57","slug":"collegats-viu-i-respira","status":"publish","type":"georutes","link":"https:\/\/www.geoparcorigens.cat\/es\/georutas\/collegats-viu-i-respira\/","title":{"rendered":"Collegats: la Argenteria"},"content":{"rendered":"<p>Las formas del paisaje acogen un h\u00e1bitat id\u00f3neo para la flora mediterr\u00e1nea y en el que se pueden observar p\u00e1jaros rapaces como el majestuoso quebrantahuesos.<\/p>\n<p>\u201cCollegats viu i respira\u201d esconde secretos y misterios, con lugares legendarios como la cueva de la Serpent, el barranco del Infierno, la Giganta Adormida o los vestigios del monasterio de Sant Pere de les Maleses.<\/p>\n","protected":false},"excerpt":{"rendered":"<p>Los Pirineos actuales son el resultado de millones de a\u00f1os de evoluci\u00f3n geol\u00f3gica, y aqu\u00ed podr\u00e1s conocerla. \u00bfSab\u00edas que, seg\u00fan la leyenda, uno de los puntos de esta ruta fue la fuente de inspiraci\u00f3n de Gaud\u00ed para dise\u00f1ar la Sagrada Familia?<\/p>\n","protected":false},"featured_media":30272,"template":"","meta":{"_acf_changed":false,"_kad_blocks_custom_css":"","_kad_blocks_head_custom_js":"","_kad_blocks_body_custom_js":"","_kad_blocks_footer_custom_js":"","_kad_post_transparent":"","_kad_post_title":"","_kad_post_layout":"","_kad_post_sidebar_id":"","_kad_post_content_style":"","_kad_post_vertical_padding":"","_kad_post_feature":"","_kad_post_feature_position":"","_kad_post_header":false,"_kad_post_footer":false,"_kad_post_classname":"","footnotes":""},"categoria-georutes":[439],"tag-georuta":[457],"class_list":["post-34342","georutes","type-georutes","status-publish","has-post-thumbnail","hentry","categoria-georutes-georuta-collegats-vive-respira","tag-georuta-a-pie"],"acf":[],"taxonomy_info":{"categoria-georutes":[{"value":439,"label":"Georuta: Collegats, Vive y respira"}],"tag-georuta":[{"value":457,"label":"A pie"}]},"featured_image_src_large":["https:\/\/www.geoparcorigens.cat\/wp-content\/uploads\/Argenteria_Jordi-Pero_baixa.jpg",1000,667,false],"author_info":[],"comment_info":"","_links":{"self":[{"href":"https:\/\/www.geoparcorigens.cat\/es\/wp-json\/wp\/v2\/georutes\/34342","targetHints":{"allow":["GET"]}}],"collection":[{"href":"https:\/\/www.geoparcorigens.cat\/es\/wp-json\/wp\/v2\/georutes"}],"about":[{"href":"https:\/\/www.geoparcorigens.cat\/es\/wp-json\/wp\/v2\/types\/georutes"}],"version-history":[{"count":0,"href":"https:\/\/www.geoparcorigens.cat\/es\/wp-json\/wp\/v2\/georutes\/34342\/revisions"}],"wp:featuredmedia":[{"embeddable":true,"href":"https:\/\/www.geoparcorigens.cat\/es\/wp-json\/wp\/v2\/media\/30272"}],"wp:attachment":[{"href":"https:\/\/www.geoparcorigens.cat\/es\/wp-json\/wp\/v2\/media?parent=34342"}],"wp:term":[{"taxonomy":"categoria-georutes","embeddable":true,"href":"https:\/\/www.geoparcorigens.cat\/es\/wp-json\/wp\/v2\/categoria-georutes?post=34342"},{"taxonomy":"tag-georuta","embeddable":true,"href":"https:\/\/www.geoparcorigens.cat\/es\/wp-json\/wp\/v2\/tag-georuta?post=34342"}],"curies":[{"name":"wp","href":"https:\/\/api.w.org\/{rel}","templated":true}]}}

<p>Las formas del paisaje acogen un hábitat idóneo para la flora mediterránea y en el que se pueden observar pájaros rapaces como el majestuoso quebrantahuesos.</p>
<p>“Collegats viu i respira” esconde secretos y misterios, con lugares legendarios como la cueva de la Serpent, el barranco del Infierno, la Giganta Adormida o los vestigios del monasterio de Sant Pere de les Maleses.</p>

<p>Los Pirineos actuales son el resultado de millones de años de evolución geológica, y aquí podrás conocerla. ¿Sabías que, según la leyenda, uno de los puntos de esta ruta fue la fuente de inspiración de Gaudí para diseñar la Sagrada Familia?</p>
