{"id":34355,"date":"2025-01-10T12:04:08","date_gmt":"2025-01-10T11:04:08","guid":{"rendered":"https:\/\/www.geoparcorigens.cat\/georutes\/mont-rebei\/"},"modified":"2025-02-18T12:08:05","modified_gmt":"2025-02-18T11:08:05","slug":"mont-rebei","status":"publish","type":"georutes","link":"https:\/\/www.geoparcorigens.cat\/es\/georutas\/mont-rebei\/","title":{"rendered":"Los Altimiris"},"content":{"rendered":"<p>Recorrido por el desfiladero de Mont-rebei, que nos permitir\u00e1 adentrarnos en una fase de la historia poco conocida hasta el momento, el per\u00edodo de transici\u00f3n entre la Antig\u00fcedad Tardana y la Alta Edad Media. En concreto visitaremos el poblado de los Altimiris, uno de los pocos yacimientos catalanes enmarcados entre los s.V y IX dC de los cuales se tiene constancia.<\/p>\n<p>Este asentamiento nos permitir\u00e1 hacernos una idea de como pod\u00eda ser la vida de las comunidades de alta monta\u00f1a correspondientes a este periodo de transici\u00f3n entre la Tardoantig\u00fcedad i la Alta Edad Media, el cual a\u00fan presenta muchos interrogantes. Para la vuelta, s\u00f3lo necesitar\u00e1s deshacer el mismo camino de la ida que nos conducir\u00e1 de nuevo hasta el aparcamiento de La Masieta.<\/p>\n","protected":false},"excerpt":{"rendered":"<p>Yacimiento de un antiguo poblado cerca de la cima del Montsec de Ares habitado durante los siglos V i IX. Disfruta de unas vistas espectaculares del paso de Mont-rebei. <\/p>\n","protected":false},"featured_media":30200,"template":"","meta":{"_acf_changed":false,"_kad_blocks_custom_css":"","_kad_blocks_head_custom_js":"","_kad_blocks_body_custom_js":"","_kad_blocks_footer_custom_js":"","_kad_post_transparent":"","_kad_post_title":"","_kad_post_layout":"","_kad_post_sidebar_id":"","_kad_post_content_style":"","_kad_post_vertical_padding":"","_kad_post_feature":"","_kad_post_feature_position":"","_kad_post_header":false,"_kad_post_footer":false,"_kad_post_classname":"","footnotes":""},"categoria-georutes":[433],"tag-georuta":[457],"class_list":["post-34355","georutes","type-georutes","status-publish","has-post-thumbnail","hentry","categoria-georutes-georuta-mont-rebei-es","tag-georuta-a-pie"],"acf":[],"taxonomy_info":{"categoria-georutes":[{"value":433,"label":"Georuta: Mont-Rebei"}],"tag-georuta":[{"value":457,"label":"A pie"}]},"featured_image_src_large":["https:\/\/www.geoparcorigens.cat\/wp-content\/uploads\/Altimiris2022.jpg",1000,667,false],"author_info":[],"comment_info":"","_links":{"self":[{"href":"https:\/\/www.geoparcorigens.cat\/es\/wp-json\/wp\/v2\/georutes\/34355","targetHints":{"allow":["GET"]}}],"collection":[{"href":"https:\/\/www.geoparcorigens.cat\/es\/wp-json\/wp\/v2\/georutes"}],"about":[{"href":"https:\/\/www.geoparcorigens.cat\/es\/wp-json\/wp\/v2\/types\/georutes"}],"version-history":[{"count":0,"href":"https:\/\/www.geoparcorigens.cat\/es\/wp-json\/wp\/v2\/georutes\/34355\/revisions"}],"wp:featuredmedia":[{"embeddable":true,"href":"https:\/\/www.geoparcorigens.cat\/es\/wp-json\/wp\/v2\/media\/30200"}],"wp:attachment":[{"href":"https:\/\/www.geoparcorigens.cat\/es\/wp-json\/wp\/v2\/media?parent=34355"}],"wp:term":[{"taxonomy":"categoria-georutes","embeddable":true,"href":"https:\/\/www.geoparcorigens.cat\/es\/wp-json\/wp\/v2\/categoria-georutes?post=34355"},{"taxonomy":"tag-georuta","embeddable":true,"href":"https:\/\/www.geoparcorigens.cat\/es\/wp-json\/wp\/v2\/tag-georuta?post=34355"}],"curies":[{"name":"wp","href":"https:\/\/api.w.org\/{rel}","templated":true}]}}

<p>Recorrido por el desfiladero de Mont-rebei, que nos permitirá adentrarnos en una fase de la historia poco conocida hasta el momento, el período de transición entre la Antigüedad Tardana y la Alta Edad Media. En concreto visitaremos el poblado de los Altimiris, uno de los pocos yacimientos catalanes enmarcados entre los s.V y IX dC de los cuales se tiene constancia.</p>
<p>Este asentamiento nos permitirá hacernos una idea de como podía ser la vida de las comunidades de alta montaña correspondientes a este periodo de transición entre la Tardoantigüedad i la Alta Edad Media, el cual aún presenta muchos interrogantes. Para la vuelta, sólo necesitarás deshacer el mismo camino de la ida que nos conducirá de nuevo hasta el aparcamiento de La Masieta.</p>
