{"id":34363,"date":"2025-01-12T12:04:08","date_gmt":"2025-01-12T11:04:08","guid":{"rendered":"https:\/\/www.geoparcorigens.cat\/georutes\/la-coma-de-meia\/"},"modified":"2025-01-21T08:40:12","modified_gmt":"2025-01-21T07:40:12","slug":"la-coma-de-meia","status":"publish","type":"georutes","link":"https:\/\/www.geoparcorigens.cat\/es\/georutas\/la-coma-de-meia\/","title":{"rendered":"La Coma de Mei\u00e0"},"content":{"rendered":"<p>Itinerario en el margen sureste del Geoparc, con excelentes vistas del Montsec.<\/p>\n<p>El monte de Mei\u00e0 vigila de cerca el valle, por eso, en esta atalaya natural, se edificaron el castillo y el pueblo originario de Vilanova de Mei\u00e0.<\/p>\n<p>El entorno, que registra en sus rocas m\u00e1s de 220 millones de a\u00f1os de historia geol\u00f3gica, presenta muchos atractivos: una gran variedad de fortificaciones medievales, cuevas, simas y espacios para la pr\u00e1ctica de la escalada, como la emblem\u00e1tica pared de la Roca dels Arcs.<\/p>\n","protected":false},"excerpt":{"rendered":"<p>Un recorrido entre fortificaciones medievales en las que revivir\u00e1s la historia de nuestros antepasados. Un entorno formado por rocas de m\u00e1s de 220 millones de a\u00f1os, que forman cuevas, simas y desfiladeros naturales.<\/p>\n","protected":false},"featured_media":30292,"template":"","meta":{"_acf_changed":false,"_kad_blocks_custom_css":"","_kad_blocks_head_custom_js":"","_kad_blocks_body_custom_js":"","_kad_blocks_footer_custom_js":"","_kad_post_transparent":"","_kad_post_title":"","_kad_post_layout":"","_kad_post_sidebar_id":"","_kad_post_content_style":"","_kad_post_vertical_padding":"","_kad_post_feature":"","_kad_post_feature_position":"","_kad_post_header":false,"_kad_post_footer":false,"_kad_post_classname":"","footnotes":""},"categoria-georutes":[445],"tag-georuta":[457],"class_list":["post-34363","georutes","type-georutes","status-publish","has-post-thumbnail","hentry","categoria-georutes-georuta-coma-meia-es","tag-georuta-a-pie"],"acf":[],"taxonomy_info":{"categoria-georutes":[{"value":445,"label":"Georuta: La Coma de Mei\u00e0"}],"tag-georuta":[{"value":457,"label":"A pie"}]},"featured_image_src_large":["https:\/\/www.geoparcorigens.cat\/wp-content\/uploads\/Coma-de-Meia_Eric-Peramos.jpg",1000,670,false],"author_info":[],"comment_info":"","_links":{"self":[{"href":"https:\/\/www.geoparcorigens.cat\/es\/wp-json\/wp\/v2\/georutes\/34363","targetHints":{"allow":["GET"]}}],"collection":[{"href":"https:\/\/www.geoparcorigens.cat\/es\/wp-json\/wp\/v2\/georutes"}],"about":[{"href":"https:\/\/www.geoparcorigens.cat\/es\/wp-json\/wp\/v2\/types\/georutes"}],"version-history":[{"count":0,"href":"https:\/\/www.geoparcorigens.cat\/es\/wp-json\/wp\/v2\/georutes\/34363\/revisions"}],"wp:featuredmedia":[{"embeddable":true,"href":"https:\/\/www.geoparcorigens.cat\/es\/wp-json\/wp\/v2\/media\/30292"}],"wp:attachment":[{"href":"https:\/\/www.geoparcorigens.cat\/es\/wp-json\/wp\/v2\/media?parent=34363"}],"wp:term":[{"taxonomy":"categoria-georutes","embeddable":true,"href":"https:\/\/www.geoparcorigens.cat\/es\/wp-json\/wp\/v2\/categoria-georutes?post=34363"},{"taxonomy":"tag-georuta","embeddable":true,"href":"https:\/\/www.geoparcorigens.cat\/es\/wp-json\/wp\/v2\/tag-georuta?post=34363"}],"curies":[{"name":"wp","href":"https:\/\/api.w.org\/{rel}","templated":true}]}}

La Coma de Meià

<p>Itinerario en el margen sureste del Geoparc, con excelentes vistas del Montsec.</p>
<p>El monte de Meià vigila de cerca el valle, por eso, en esta atalaya natural, se edificaron el castillo y el pueblo originario de Vilanova de Meià.</p>
<p>El entorno, que registra en sus rocas más de 220 millones de años de historia geológica, presenta muchos atractivos: una gran variedad de fortificaciones medievales, cuevas, simas y espacios para la práctica de la escalada, como la emblemática pared de la Roca dels Arcs.</p>

<p>Un recorrido entre fortificaciones medievales en las que revivirás la historia de nuestros antepasados. Un entorno formado por rocas de más de 220 millones de años, que forman cuevas, simas y desfiladeros naturales.</p>

Georuta: La Coma de Meià
