{"id":40078,"date":"2025-05-06T14:35:19","date_gmt":"2025-05-06T12:35:19","guid":{"rendered":"https:\/\/www.geoparcorigens.cat\/agenda\/recuperem-el-meull\/"},"modified":"2025-05-06T14:35:19","modified_gmt":"2025-05-06T12:35:19","slug":"recuperem-el-meull","status":"publish","type":"mec-events","link":"https:\/\/www.geoparcorigens.cat\/es\/agenda\/recuperem-el-meull\/","title":{"rendered":"RECUPEREM EL ME\u00dcLL"},"content":{"rendered":"\n<p>Ajuda&#8217;ns a recuperar un marge del Me\u00fcll,  aprenent la t\u00e8cnica de la pedra seca en un taller pr\u00e0ctic <\/p>\n\n\n\n<p>Punt de trobada: Pla\u00e7a de Me\u00fcll, Castell de Mur<\/p>\n\n\n\n<p>HORARI DISSABTE: 9:00-18:00<\/p>\n\n\n\n<p>HORARI DIUMENGE: 9:00-13:00<\/p>\n\n\n\n<p>L&#8217;organitzaci\u00f3 convida al dinar de dissabte, de pa amb tom\u00e0quet, llonganissa i beguda. Els participants han de portar gots, plats i coberts. Diumenge se serviran begudes durant el mat\u00ed. <\/p>\n","protected":false},"excerpt":{"rendered":"<p>Ajuda&#8217;ns a recuperar un marge del Me\u00fcll, aprenent la t\u00e8cnica de la pedra seca en un taller pr\u00e0ctic Punt de trobada: Pla\u00e7a de Me\u00fcll, Castell de Mur HORARI DISSABTE: 9:00-18:00 HORARI DIUMENGE: 9:00-13:00 L&#8217;organitzaci\u00f3 convida al dinar de dissabte, de pa amb tom\u00e0quet, llonganissa i beguda. Els participants han de portar gots, plats i coberts&#8230;.<\/p>\n","protected":false},"author":2,"featured_media":40075,"comment_status":"open","ping_status":"closed","template":"","meta":{"_acf_changed":false,"_kad_blocks_custom_css":"","_kad_blocks_head_custom_js":"","_kad_blocks_body_custom_js":"","_kad_blocks_footer_custom_js":"","_kad_post_transparent":"","_kad_post_title":"","_kad_post_layout":"","_kad_post_sidebar_id":"","_kad_post_content_style":"","_kad_post_vertical_padding":"","_kad_post_feature":"","_kad_post_feature_position":"","_kad_post_header":false,"_kad_post_footer":false,"_kad_post_classname":""},"tags":[764],"mec_category":[320],"class_list":["post-40078","mec-events","type-mec-events","status-publish","has-post-thumbnail","hentry","tag-voluntariat-es","mec_category-divulgacion"],"acf":[],"taxonomy_info":{"post_tag":[{"value":764,"label":"Voluntariat"}],"mec_category":[{"value":320,"label":"Divulgaci\u00f3n"}]},"featured_image_src_large":["https:\/\/www.geoparcorigens.cat\/wp-content\/uploads\/RECUPEREM-MEULL-2-819x1024.jpg",819,1024,true],"author_info":{"display_name":"Geoparc mundial UNESCO Or\u00edgens","author_link":"https:\/\/www.geoparcorigens.cat\/es\/author\/moon\/"},"comment_info":0,"_links":{"self":[{"href":"https:\/\/www.geoparcorigens.cat\/es\/wp-json\/wp\/v2\/mec-events\/40078","targetHints":{"allow":["GET"]}}],"collection":[{"href":"https:\/\/www.geoparcorigens.cat\/es\/wp-json\/wp\/v2\/mec-events"}],"about":[{"href":"https:\/\/www.geoparcorigens.cat\/es\/wp-json\/wp\/v2\/types\/mec-events"}],"author":[{"embeddable":true,"href":"https:\/\/www.geoparcorigens.cat\/es\/wp-json\/wp\/v2\/users\/2"}],"replies":[{"embeddable":true,"href":"https:\/\/www.geoparcorigens.cat\/es\/wp-json\/wp\/v2\/comments?post=40078"}],"wp:featuredmedia":[{"embeddable":true,"href":"https:\/\/www.geoparcorigens.cat\/es\/wp-json\/wp\/v2\/media\/40075"}],"wp:attachment":[{"href":"https:\/\/www.geoparcorigens.cat\/es\/wp-json\/wp\/v2\/media?parent=40078"}],"wp:term":[{"taxonomy":"post_tag","embeddable":true,"href":"https:\/\/www.geoparcorigens.cat\/es\/wp-json\/wp\/v2\/tags?post=40078"},{"taxonomy":"mec_category","embeddable":true,"href":"https:\/\/www.geoparcorigens.cat\/es\/wp-json\/wp\/v2\/mec_category?post=40078"}],"curies":[{"name":"wp","href":"https:\/\/api.w.org\/{rel}","templated":true}]}}

RECUPEREM EL MEÜLL

<p>Ajuda&#8217;ns a recuperar un marge del Meüll,  aprenent la tècnica de la pedra seca en un taller pràctic </p>



<p>Punt de trobada: Plaça de Meüll, Castell de Mur</p>



<p>HORARI DISSABTE: 9:00-18:00</p>



<p>HORARI DIUMENGE: 9:00-13:00</p>



<p>L&#8217;organització convida al dinar de dissabte, de pa amb tomàquet, llonganissa i beguda. Els participants han de portar gots, plats i coberts. Diumenge se serviran begudes durant el matí. </p>

<p>Ajuda&#8217;ns a recuperar un marge del Meüll, aprenent la tècnica de la pedra seca en un taller pràctic Punt de trobada: Plaça de Meüll, Castell de Mur HORARI DISSABTE: 9:00-18:00 HORARI DIUMENGE: 9:00-13:00 L&#8217;organització convida al dinar de dissabte, de pa amb tomàquet, llonganissa i beguda. Els participants han de portar gots, plats i coberts&#8230;.</p>

Divulgación

Geoparc mundial UNESCO Orígens
