{"id":33994,"date":"2023-09-02T16:25:55","date_gmt":"2023-09-02T14:25:55","guid":{"rendered":"https:\/\/www.geoparcorigens.cat\/entitat\/fundacio-arnau-mir-de-tost\/"},"modified":"2025-01-24T14:29:41","modified_gmt":"2025-01-24T13:29:41","slug":"fundacio-arnau-mir-de-tost","status":"publish","type":"entitat","link":"https:\/\/www.geoparcorigens.cat\/fr\/entit\u00e9e\/fundacio-arnau-mir-de-tost\/","title":{"rendered":"Fundaci\u00f3 Arnau Mir de Tost"},"content":{"rendered":"<p>La Fundaci\u00f3 Arnau Mir de Tost veille sur le patrimoine de la Vall d&rsquo;\u00c0ger et soutient, soutient et collabore avec toute activit\u00e9, projet, \u00e9v\u00e9nement ou acte qui y est li\u00e9. Ses domaines d&rsquo;action incluent :<\/p>\n<ul>\n<li>Recherche : D\u00e9veloppement de projets d&rsquo;\u00e9tude et de recherche, dont le dernier projet important est le Projet d&rsquo;Anthroponymie de la Vall d&rsquo;\u00c0ger, que vous pouvez consulter dans la section \u00ab Projets \u00bb sur leur site web.<\/li>\n<li>Diffusion et sensibilisation : La Fondation a pour mission de rapprocher le patrimoine du public en organisant des Journ\u00e9es d&rsquo;\u00e9tudes historiques, en pr\u00e9sentant divers travaux et en cr\u00e9ant des supports p\u00e9dagogiques destin\u00e9s \u00e0 la communaut\u00e9 \u00e9ducative, etc. Les Journ\u00e9es d&rsquo;\u00e9tudes historiques, d\u00e9j\u00e0 bien \u00e9tablies, ont une grande importance.<\/li>\n<li>Conservation et restauration : \u00c0 travers divers projets et activit\u00e9s, comme l&rsquo;organisation et la supervision arch\u00e9ologique lors de la Journ\u00e9e de nettoyage du puits de glace \u00e0 \u00c0ger.<\/li>\n<\/ul>\n","protected":false},"excerpt":{"rendered":"<p>Conservation et diffusion du patrimoine naturel et culturel.<\/p>\n","protected":false},"featured_media":33995,"parent":0,"menu_order":0,"template":"","meta":{"_acf_changed":false,"_kad_blocks_custom_css":"","_kad_blocks_head_custom_js":"","_kad_blocks_body_custom_js":"","_kad_blocks_footer_custom_js":"","_kad_post_transparent":"","_kad_post_title":"","_kad_post_layout":"","_kad_post_sidebar_id":"","_kad_post_content_style":"","_kad_post_vertical_padding":"","_kad_post_feature":"","_kad_post_feature_position":"","_kad_post_header":false,"_kad_post_footer":false,"_kad_post_classname":"","footnotes":""},"class_list":["post-33994","entitat","type-entitat","status-publish","has-post-thumbnail","hentry","tematica-associations-et-autres-fr"],"acf":[],"taxonomy_info":{"tematica":[{"value":483,"label":"Associations et autres"}]},"featured_image_src_large":["https:\/\/www.geoparcorigens.cat\/wp-content\/uploads\/61_FundAMTost-1024x1024.jpg",1024,1024,true],"author_info":[],"comment_info":"","_links":{"self":[{"href":"https:\/\/www.geoparcorigens.cat\/fr\/wp-json\/wp\/v2\/entitat\/33994","targetHints":{"allow":["GET"]}}],"collection":[{"href":"https:\/\/www.geoparcorigens.cat\/fr\/wp-json\/wp\/v2\/entitat"}],"about":[{"href":"https:\/\/www.geoparcorigens.cat\/fr\/wp-json\/wp\/v2\/types\/entitat"}],"version-history":[{"count":0,"href":"https:\/\/www.geoparcorigens.cat\/fr\/wp-json\/wp\/v2\/entitat\/33994\/revisions"}],"wp:featuredmedia":[{"embeddable":true,"href":"https:\/\/www.geoparcorigens.cat\/fr\/wp-json\/wp\/v2\/media\/33995"}],"wp:attachment":[{"href":"https:\/\/www.geoparcorigens.cat\/fr\/wp-json\/wp\/v2\/media?parent=33994"}],"curies":[{"name":"wp","href":"https:\/\/api.w.org\/{rel}","templated":true}]}}

https://www.geoparcorigens.cat/fr/entitée/fundacio-arnau-mir-de-tost/

Fundació Arnau Mir de Tost

<p>La Fundació Arnau Mir de Tost veille sur le patrimoine de la Vall d&rsquo;Àger et soutient, soutient et collabore avec toute activité, projet, événement ou acte qui y est lié. Ses domaines d&rsquo;action incluent :</p>
<ul>
<li>Recherche : Développement de projets d&rsquo;étude et de recherche, dont le dernier projet important est le Projet d&rsquo;Anthroponymie de la Vall d&rsquo;Àger, que vous pouvez consulter dans la section « Projets » sur leur site web.</li>
<li>Diffusion et sensibilisation : La Fondation a pour mission de rapprocher le patrimoine du public en organisant des Journées d&rsquo;études historiques, en présentant divers travaux et en créant des supports pédagogiques destinés à la communauté éducative, etc. Les Journées d&rsquo;études historiques, déjà bien établies, ont une grande importance.</li>
<li>Conservation et restauration : À travers divers projets et activités, comme l&rsquo;organisation et la supervision archéologique lors de la Journée de nettoyage du puits de glace à Àger.</li>
</ul>
