{"id":34114,"date":"2023-09-02T16:25:49","date_gmt":"2023-09-02T14:25:49","guid":{"rendered":"https:\/\/www.geoparcorigens.cat\/entitat\/el-vinyer\/"},"modified":"2025-01-24T13:54:23","modified_gmt":"2025-01-24T12:54:23","slug":"el-vinyer","status":"publish","type":"entitat","link":"https:\/\/www.geoparcorigens.cat\/fr\/entit\u00e9e\/el-vinyer\/","title":{"rendered":"El Vinyer"},"content":{"rendered":"<p>Eva, \u0153nologue et fondatrice de El Vinyer, a lanc\u00e9 son propre projet gr\u00e2ce \u00e0 la r\u00e9cup\u00e9ration d&rsquo;une propri\u00e9t\u00e9 viticole traditionnelle. En 2014, El Vinyer a commenc\u00e9 \u00e0 produire, et en 2015, les premiers vins ont \u00e9t\u00e9 mis en bouteille et commercialis\u00e9s sous l&rsquo;appellation DO Costers del Segre.<\/p>\n<p>Ses vins cherchent \u00e0 transmettre la culture et l&rsquo;environnement des Pallars, en nommant leurs vins selon des motifs g\u00e9ologiques ou issus du parler des Pallars. Frais et aromatiques, ils sont un reflet clair du terroir et du climat de la Conca de Tremp.<\/p>\n<p>Ils organisent diverses activit\u00e9s telles que :<\/p>\n<ul>\n<li><a href=\"https:\/\/www.geoparcorigens.cat\/fr\/activit%C3%A9e\/visita-el-vinyer\/\">La Visite de El Vinyer<\/a><\/li>\n<li><a href=\"https:\/\/www.geoparcorigens.cat\/fr\/activit%C3%A9e\/maridatge-pallares\/\">Accord mets et vins Pallar\u00e8s.<\/a><\/li>\n<\/ul>\n\n\n<p><\/p>\n","protected":false},"excerpt":{"rendered":"<p>Producteur de vins, visites guid\u00e9es.<\/p>\n","protected":false},"featured_media":34115,"parent":0,"menu_order":0,"template":"","meta":{"_acf_changed":false,"_kad_blocks_custom_css":"","_kad_blocks_head_custom_js":"","_kad_blocks_body_custom_js":"","_kad_blocks_footer_custom_js":"","_kad_post_transparent":"","_kad_post_title":"","_kad_post_layout":"","_kad_post_sidebar_id":"","_kad_post_content_style":"","_kad_post_vertical_padding":"","_kad_post_feature":"","_kad_post_feature_position":"","_kad_post_header":false,"_kad_post_footer":false,"_kad_post_classname":"","footnotes":""},"class_list":["post-34114","entitat","type-entitat","status-publish","has-post-thumbnail","hentry","tematica-agroalimentaire-fr"],"acf":[],"taxonomy_info":{"tematica":[{"value":474,"label":"Agroalimentaire"}]},"featured_image_src_large":["https:\/\/www.geoparcorigens.cat\/wp-content\/uploads\/33_ElVinyer-1024x1024.jpg",1024,1024,true],"author_info":[],"comment_info":"","_links":{"self":[{"href":"https:\/\/www.geoparcorigens.cat\/fr\/wp-json\/wp\/v2\/entitat\/34114","targetHints":{"allow":["GET"]}}],"collection":[{"href":"https:\/\/www.geoparcorigens.cat\/fr\/wp-json\/wp\/v2\/entitat"}],"about":[{"href":"https:\/\/www.geoparcorigens.cat\/fr\/wp-json\/wp\/v2\/types\/entitat"}],"version-history":[{"count":0,"href":"https:\/\/www.geoparcorigens.cat\/fr\/wp-json\/wp\/v2\/entitat\/34114\/revisions"}],"wp:featuredmedia":[{"embeddable":true,"href":"https:\/\/www.geoparcorigens.cat\/fr\/wp-json\/wp\/v2\/media\/34115"}],"wp:attachment":[{"href":"https:\/\/www.geoparcorigens.cat\/fr\/wp-json\/wp\/v2\/media?parent=34114"}],"curies":[{"name":"wp","href":"https:\/\/api.w.org\/{rel}","templated":true}]}}

https://www.geoparcorigens.cat/fr/entitée/el-vinyer/

<p>Eva, œnologue et fondatrice de El Vinyer, a lancé son propre projet grâce à la récupération d&rsquo;une propriété viticole traditionnelle. En 2014, El Vinyer a commencé à produire, et en 2015, les premiers vins ont été mis en bouteille et commercialisés sous l&rsquo;appellation DO Costers del Segre.</p>
<p>Ses vins cherchent à transmettre la culture et l&rsquo;environnement des Pallars, en nommant leurs vins selon des motifs géologiques ou issus du parler des Pallars. Frais et aromatiques, ils sont un reflet clair du terroir et du climat de la Conca de Tremp.</p>
<p>Ils organisent diverses activités telles que :</p>
<ul>
<li><a href="https://www.geoparcorigens.cat/fr/activit%C3%A9e/visita-el-vinyer/">La Visite de El Vinyer</a></li>
<li><a href="https://www.geoparcorigens.cat/fr/activit%C3%A9e/maridatge-pallares/">Accord mets et vins Pallarès.</a></li>
</ul>


<p></p>

<p>Producteur de vins, visites guidées.</p>
