{"id":34118,"date":"2023-09-02T16:25:49","date_gmt":"2023-09-02T14:25:49","guid":{"rendered":"https:\/\/www.geoparcorigens.cat\/entitat\/celler-vila-corona\/"},"modified":"2025-01-24T13:27:49","modified_gmt":"2025-01-24T12:27:49","slug":"celler-vila-corona","status":"publish","type":"entitat","link":"https:\/\/www.geoparcorigens.cat\/fr\/entit\u00e9e\/celler-vila-corona\/","title":{"rendered":"Celler Vila Corona"},"content":{"rendered":"<div class=\"flex-shrink-0 flex flex-col relative items-end\">\n<div>\n<div class=\"pt-0\">\n<div class=\"gizmo-bot-avatar flex h-8 w-8 items-center justify-center overflow-hidden rounded-full\">\n<div class=\"relative p-1 rounded-sm flex items-center justify-center bg-token-main-surface-primary text-token-text-primary h-8 w-8\"><\/div>\n<\/div>\n<\/div>\n<\/div>\n<\/div>\n<div class=\"group\/conversation-turn relative flex w-full min-w-0 flex-col agent-turn\">\n<div class=\"flex-col gap-1 md:gap-3\">\n<div class=\"flex max-w-full flex-col flex-grow\">\n<div class=\"min-h-8 text-message flex w-full flex-col items-end gap-2 whitespace-normal break-words text-start [.text-message+&amp;]:mt-5\" dir=\"auto\" data-message-author-role=\"assistant\" data-message-id=\"0b3c3b31-6ce4-4df9-8842-c7daa41cb94c\" data-message-model-slug=\"gpt-4o-mini\">\n<div class=\"flex w-full flex-col gap-1 empty:hidden first:pt-[3px]\">\n<div class=\"markdown prose w-full break-words dark:prose-invert light\">\n<p>Celler de caract\u00e8re familial situ\u00e9 dans la m\u00eame vigne.<\/p>\n<p>Il dispose de 11 hectares de vignes o\u00f9 sont cultiv\u00e9es les vari\u00e9t\u00e9s Riesling et Chardonnay pour les blancs, et Merlot, Cabernet Sauvignon, Monastrell, Garnacha Negra et Ull de Llebre pour les rouges.<\/p>\n<p>Leurs vins sont mis en bouteille et \u00e9tiquet\u00e9s dans le caveau avec des r\u00e9f\u00e9rences g\u00e9ologiques, pal\u00e9ontologiques, arch\u00e9ologiques ainsi que des mythes et l\u00e9gendes du Pallars, et font partie de l&rsquo;appellation d&rsquo;origine Costers del Segre.<\/p>\n<p>Ils proposent des <a href=\"https:\/\/www.geoparcorigens.cat\/fr\/activit%C3%A9e\/tast-amb-interpretacio-geologica\/\">visites de la vigne<\/a>, du caveau et des d\u00e9gustations avec une interpr\u00e9tation g\u00e9ologique.<\/p>\n<\/div>\n<\/div>\n<\/div>\n<\/div>\n<\/div>\n<\/div>\n","protected":false},"excerpt":{"rendered":"<p>Producteur de vins, visites guid\u00e9es.<\/p>\n","protected":false},"featured_media":34119,"parent":0,"menu_order":0,"template":"","meta":{"_acf_changed":false,"_kad_blocks_custom_css":"","_kad_blocks_head_custom_js":"","_kad_blocks_body_custom_js":"","_kad_blocks_footer_custom_js":"","_kad_post_transparent":"","_kad_post_title":"","_kad_post_layout":"","_kad_post_sidebar_id":"","_kad_post_content_style":"","_kad_post_vertical_padding":"","_kad_post_feature":"","_kad_post_feature_position":"","_kad_post_header":false,"_kad_post_footer":false,"_kad_post_classname":"","footnotes":""},"class_list":["post-34118","entitat","type-entitat","status-publish","has-post-thumbnail","hentry","tematica-agroalimentaire-fr"],"acf":[],"taxonomy_info":{"tematica":[{"value":474,"label":"Agroalimentaire"}]},"featured_image_src_large":["https:\/\/www.geoparcorigens.cat\/wp-content\/uploads\/34_VilaCorona-1024x1024.jpg",1024,1024,true],"author_info":[],"comment_info":"","_links":{"self":[{"href":"https:\/\/www.geoparcorigens.cat\/fr\/wp-json\/wp\/v2\/entitat\/34118","targetHints":{"allow":["GET"]}}],"collection":[{"href":"https:\/\/www.geoparcorigens.cat\/fr\/wp-json\/wp\/v2\/entitat"}],"about":[{"href":"https:\/\/www.geoparcorigens.cat\/fr\/wp-json\/wp\/v2\/types\/entitat"}],"version-history":[{"count":0,"href":"https:\/\/www.geoparcorigens.cat\/fr\/wp-json\/wp\/v2\/entitat\/34118\/revisions"}],"wp:featuredmedia":[{"embeddable":true,"href":"https:\/\/www.geoparcorigens.cat\/fr\/wp-json\/wp\/v2\/media\/34119"}],"wp:attachment":[{"href":"https:\/\/www.geoparcorigens.cat\/fr\/wp-json\/wp\/v2\/media?parent=34118"}],"curies":[{"name":"wp","href":"https:\/\/api.w.org\/{rel}","templated":true}]}}

https://www.geoparcorigens.cat/fr/entitée/celler-vila-corona/

<div class="flex-shrink-0 flex flex-col relative items-end">
<div>
<div class="pt-0">
<div class="gizmo-bot-avatar flex h-8 w-8 items-center justify-center overflow-hidden rounded-full">
<div class="relative p-1 rounded-sm flex items-center justify-center bg-token-main-surface-primary text-token-text-primary h-8 w-8"></div>
</div>
</div>
</div>
</div>
<div class="group/conversation-turn relative flex w-full min-w-0 flex-col agent-turn">
<div class="flex-col gap-1 md:gap-3">
<div class="flex max-w-full flex-col flex-grow">
<div class="min-h-8 text-message flex w-full flex-col items-end gap-2 whitespace-normal break-words text-start [.text-message+&amp;]:mt-5" dir="auto" data-message-author-role="assistant" data-message-id="0b3c3b31-6ce4-4df9-8842-c7daa41cb94c" data-message-model-slug="gpt-4o-mini">
<div class="flex w-full flex-col gap-1 empty:hidden first:pt-[3px]">
<div class="markdown prose w-full break-words dark:prose-invert light">
<p>Celler de caractère familial situé dans la même vigne.</p>
<p>Il dispose de 11 hectares de vignes où sont cultivées les variétés Riesling et Chardonnay pour les blancs, et Merlot, Cabernet Sauvignon, Monastrell, Garnacha Negra et Ull de Llebre pour les rouges.</p>
<p>Leurs vins sont mis en bouteille et étiquetés dans le caveau avec des références géologiques, paléontologiques, archéologiques ainsi que des mythes et légendes du Pallars, et font partie de l&rsquo;appellation d&rsquo;origine Costers del Segre.</p>
<p>Ils proposent des <a href="https://www.geoparcorigens.cat/fr/activit%C3%A9e/tast-amb-interpretacio-geologica/">visites de la vigne</a>, du caveau et des dégustations avec une interprétation géologique.</p>
</div>
</div>
</div>
</div>
</div>
</div>

<p>Producteur de vins, visites guidées.</p>
