{"id":34361,"date":"2025-01-12T12:04:08","date_gmt":"2025-01-12T11:04:08","guid":{"rendered":"https:\/\/www.geoparcorigens.cat\/georutes\/la-coma-de-meia\/"},"modified":"2025-02-18T08:03:31","modified_gmt":"2025-02-18T07:03:31","slug":"la-coma-de-meia","status":"publish","type":"georutes","link":"https:\/\/www.geoparcorigens.cat\/fr\/georoutes\/la-coma-de-meia\/","title":{"rendered":"La Coma de Mei\u00e0"},"content":{"rendered":"<p>Itin\u00e9raire \u00e0 la limite sud-est du G\u00e9oparc avec d&rsquo;excellentes vues sur le Montsec. Le Puig de Mei\u00e0 surveille de pr\u00e8s la vall\u00e9e, c&rsquo;est pourquoi le ch\u00e2teau et le village originel de Vilanova de Mei\u00e0 ont \u00e9t\u00e9 construits dans ce point de vue naturel.<\/p>\n<p>L&rsquo;environnement, avec des roches qui repr\u00e9sentent plus de 220 millions d&rsquo;ann\u00e9es d&rsquo;histoire g\u00e9ologique, pr\u00e9sente de nombreux attraits : une grande vari\u00e9t\u00e9 de fortifications m\u00e9di\u00e9vales, de grottes, d\u2019avens et d\u2019espaces d&rsquo;escalade, comme la paroi embl\u00e9matique de la Roca dels Arcs.<\/p>\n","protected":false},"excerpt":{"rendered":"<p>Un itin\u00e9raire entre fortifications m\u00e9di\u00e9vales dans lequel vous revivrez l&rsquo;histoire de nos anc\u00eatres. Un environnement constitu\u00e9 de roches vieilles de plus de 220 millions d&rsquo;ann\u00e9es, qui forment des grottes, des avens et des gorges naturelles.<\/p>\n","protected":false},"featured_media":34362,"template":"","meta":{"_acf_changed":false,"_kad_blocks_custom_css":"","_kad_blocks_head_custom_js":"","_kad_blocks_body_custom_js":"","_kad_blocks_footer_custom_js":"","_kad_post_transparent":"","_kad_post_title":"","_kad_post_layout":"","_kad_post_sidebar_id":"","_kad_post_content_style":"","_kad_post_vertical_padding":"","_kad_post_feature":"","_kad_post_feature_position":"","_kad_post_header":false,"_kad_post_footer":false,"_kad_post_classname":"","footnotes":""},"categoria-georutes":[444],"tag-georuta":[456],"class_list":["post-34361","georutes","type-georutes","status-publish","has-post-thumbnail","hentry","categoria-georutes-georuta-la-coma-de-meia-fr","tag-georuta-a-peu-fr"],"acf":[],"taxonomy_info":{"categoria-georutes":[{"value":444,"label":"Georoute: La Coma de Mei\u00e0"}],"tag-georuta":[{"value":456,"label":"\u00c0 pied"}]},"featured_image_src_large":["https:\/\/www.geoparcorigens.cat\/wp-content\/uploads\/Coma-de-Meia_Eric-Peramos.jpg",1000,670,false],"author_info":[],"comment_info":"","_links":{"self":[{"href":"https:\/\/www.geoparcorigens.cat\/fr\/wp-json\/wp\/v2\/georutes\/34361","targetHints":{"allow":["GET"]}}],"collection":[{"href":"https:\/\/www.geoparcorigens.cat\/fr\/wp-json\/wp\/v2\/georutes"}],"about":[{"href":"https:\/\/www.geoparcorigens.cat\/fr\/wp-json\/wp\/v2\/types\/georutes"}],"version-history":[{"count":0,"href":"https:\/\/www.geoparcorigens.cat\/fr\/wp-json\/wp\/v2\/georutes\/34361\/revisions"}],"wp:featuredmedia":[{"embeddable":true,"href":"https:\/\/www.geoparcorigens.cat\/fr\/wp-json\/wp\/v2\/media\/34362"}],"wp:attachment":[{"href":"https:\/\/www.geoparcorigens.cat\/fr\/wp-json\/wp\/v2\/media?parent=34361"}],"wp:term":[{"taxonomy":"categoria-georutes","embeddable":true,"href":"https:\/\/www.geoparcorigens.cat\/fr\/wp-json\/wp\/v2\/categoria-georutes?post=34361"},{"taxonomy":"tag-georuta","embeddable":true,"href":"https:\/\/www.geoparcorigens.cat\/fr\/wp-json\/wp\/v2\/tag-georuta?post=34361"}],"curies":[{"name":"wp","href":"https:\/\/api.w.org\/{rel}","templated":true}]}}

La Coma de Meià

<p>Itinéraire à la limite sud-est du Géoparc avec d&rsquo;excellentes vues sur le Montsec. Le Puig de Meià surveille de près la vallée, c&rsquo;est pourquoi le château et le village originel de Vilanova de Meià ont été construits dans ce point de vue naturel.</p>
<p>L&rsquo;environnement, avec des roches qui représentent plus de 220 millions d&rsquo;années d&rsquo;histoire géologique, présente de nombreux attraits : une grande variété de fortifications médiévales, de grottes, d’avens et d’espaces d&rsquo;escalade, comme la paroi emblématique de la Roca dels Arcs.</p>

<p>Un itinéraire entre fortifications médiévales dans lequel vous revivrez l&rsquo;histoire de nos ancêtres. Un environnement constitué de roches vieilles de plus de 220 millions d&rsquo;années, qui forment des grottes, des avens et des gorges naturelles.</p>

Georoute: La Coma de Meià

À pied
